{"id":13704,"date":"2023-08-06T14:08:24","date_gmt":"2023-08-06T14:08:24","guid":{"rendered":"https:\/\/thewritershelp.com\/?page_id=13704"},"modified":"2024-09-04T06:52:48","modified_gmt":"2024-09-04T06:52:48","slug":"contact-ro","status":"publish","type":"page","link":"https:\/\/writers.wpdeveloper.pk\/index.php\/ro\/contact-ro\/","title":{"rendered":"Contact-ro"},"content":{"rendered":"\t\t<div data-elementor-type=\"wp-page\" data-elementor-id=\"13704\" class=\"elementor elementor-13704\" data-elementor-post-type=\"page\">\n\t\t\t\t\t\t<section data-dce-background-color=\"#F81D8F\" class=\"elementor-section elementor-top-section elementor-element elementor-element-4fb3b4fe elementor-section-content-middle elementor-section-full_width elementor-section-height-default elementor-section-height-default\" data-id=\"4fb3b4fe\" data-element_type=\"section\" data-settings=\"{&quot;background_background&quot;:&quot;classic&quot;,&quot;shape_divider_bottom&quot;:&quot;tilt&quot;}\">\n\t\t\t\t\t\t\t<div class=\"elementor-background-overlay\"><\/div>\n\t\t\t\t\t\t<div class=\"elementor-shape elementor-shape-bottom\" aria-hidden=\"true\" data-negative=\"false\">\n\t\t\t<svg xmlns=\"http:\/\/www.w3.org\/2000\/svg\" viewBox=\"0 0 1000 100\" preserveAspectRatio=\"none\">\n\t<path class=\"elementor-shape-fill\" d=\"M0,6V0h1000v100L0,6z\"\/>\n<\/svg>\t\t<\/div>\n\t\t\t\t\t<div class=\"elementor-container elementor-column-gap-no\">\n\t\t\t\t\t<div class=\"elementor-column elementor-col-100 elementor-top-column elementor-element elementor-element-50e179df\" data-id=\"50e179df\" data-element_type=\"column\">\n\t\t\t<div class=\"elementor-widget-wrap elementor-element-populated\">\n\t\t\t\t\t\t<section class=\"elementor-section elementor-inner-section elementor-element elementor-element-d6f64b9 elementor-section-boxed elementor-section-height-default elementor-section-height-default\" data-id=\"d6f64b9\" data-element_type=\"section\">\n\t\t\t\t\t\t<div class=\"elementor-container elementor-column-gap-default\">\n\t\t\t\t\t<div class=\"elementor-column elementor-col-100 elementor-inner-column elementor-element elementor-element-b1432f9\" data-id=\"b1432f9\" data-element_type=\"column\">\n\t\t\t<div class=\"elementor-widget-wrap elementor-element-populated\">\n\t\t\t\t\t\t<div class=\"elementor-element elementor-element-5643dd0 no-mrg elementor-invisible elementor-widget elementor-widget-heading\" data-id=\"5643dd0\" data-element_type=\"widget\" data-settings=\"{&quot;_animation&quot;:&quot;fadeInUp&quot;}\" data-widget_type=\"heading.default\">\n\t\t\t\t<div class=\"elementor-widget-container\">\n\t\t\t\t\t<h3 class=\"elementor-heading-title elementor-size-default\">Ne-am bucura s\u0103 primim ve\u0219ti de la tine<\/h3>\t\t\t\t<\/div>\n\t\t\t\t<\/div>\n\t\t\t\t<div class=\"elementor-element elementor-element-c4e47b9 elementor-invisible elementor-widget elementor-widget-text-editor\" data-id=\"c4e47b9\" data-element_type=\"widget\" data-settings=\"{&quot;_animation&quot;:&quot;fadeIn&quot;,&quot;_animation_delay&quot;:300}\" data-widget_type=\"text-editor.default\">\n\t\t\t\t<div class=\"elementor-widget-container\">\n\t\t\t\t\t\t\t\t\t<p><span style=\"font-weight: 400;\">Echipa noastr\u0103 este disponibil\u0103 non-stop pentru a r\u0103spunde la orice \u00eentrebare pe care o ai despre serviciile noastre. Nu ezita s\u0103 ne contactezi dac\u0103 ai nevoie de ajutor sau ai o urgen\u021b\u0103. Oferim suport personalizat pentru nevoile tale 24\/7 ca s\u0103 ne asigur\u0103m c\u0103 ai o experien\u021b\u0103 pl\u0103cut\u0103 \u0219i f\u0103r\u0103 stres c\u00e2nd vine vorba de colaborarea cu The Writers.<\/span><\/p>\t\t\t\t\t\t\t\t<\/div>\n\t\t\t\t<\/div>\n\t\t\t\t\t<\/div>\n\t\t<\/div>\n\t\t\t\t\t<\/div>\n\t\t<\/section>\n\t\t\t\t<div class=\"elementor-element elementor-element-36942f69 elementor-widget elementor-widget-spacer\" data-id=\"36942f69\" data-element_type=\"widget\" data-widget_type=\"spacer.default\">\n\t\t\t\t<div class=\"elementor-widget-container\">\n\t\t\t\t\t\t\t<div class=\"elementor-spacer\">\n\t\t\t<div class=\"elementor-spacer-inner\"><\/div>\n\t\t<\/div>\n\t\t\t\t\t\t<\/div>\n\t\t\t\t<\/div>\n\t\t\t\t<section class=\"elementor-section elementor-inner-section elementor-element elementor-element-2d26109c elementor-section-full_width contact-boxes-wrap elementor-section-height-default elementor-section-height-default\" data-id=\"2d26109c\" data-element_type=\"section\">\n\t\t\t\t\t\t<div class=\"elementor-container elementor-column-gap-default\">\n\t\t\t\t\t<div class=\"elementor-column elementor-col-20 elementor-inner-column elementor-element elementor-element-c022535 contact-top-box\" data-id=\"c022535\" data-element_type=\"column\" data-settings=\"{&quot;background_background&quot;:&quot;classic&quot;}\">\n\t\t\t<div class=\"elementor-widget-wrap elementor-element-populated\">\n\t\t\t\t\t\t<div class=\"elementor-element elementor-element-9558a14 elementor-widget elementor-widget-image\" data-id=\"9558a14\" data-element_type=\"widget\" data-widget_type=\"image.default\">\n\t\t\t\t<div class=\"elementor-widget-container\">\n\t\t\t\t\t\t\t\t\t\t\t\t\t\t\t\t<a href=\"https:\/\/www.facebook.com\/Assignmentsthewriters\" target=\"_blank\">\n\t\t\t\t\t\t\t<img decoding=\"async\" width=\"150\" height=\"150\" src=\"https:\/\/writers.wpdeveloper.pk\/wp-content\/uploads\/2023\/06\/fb-icon-writers-2-150x150.png\" class=\"attachment-thumbnail size-thumbnail wp-image-11185\" alt=\"\" srcset=\"https:\/\/writers.wpdeveloper.pk\/wp-content\/uploads\/2023\/06\/fb-icon-writers-2-150x150.png 150w, https:\/\/writers.wpdeveloper.pk\/wp-content\/uploads\/2023\/06\/fb-icon-writers-2-300x300.png 300w, https:\/\/writers.wpdeveloper.pk\/wp-content\/uploads\/2023\/06\/fb-icon-writers-2-1024x1024.png 1024w, https:\/\/writers.wpdeveloper.pk\/wp-content\/uploads\/2023\/06\/fb-icon-writers-2-768x768.png 768w, https:\/\/writers.wpdeveloper.pk\/wp-content\/uploads\/2023\/06\/fb-icon-writers-2-1536x1536.png 1536w, https:\/\/writers.wpdeveloper.pk\/wp-content\/uploads\/2023\/06\/fb-icon-writers-2-2048x2048.png 2048w, https:\/\/writers.wpdeveloper.pk\/wp-content\/uploads\/2023\/06\/fb-icon-writers-2-600x600.png 600w, https:\/\/writers.wpdeveloper.pk\/wp-content\/uploads\/2023\/06\/fb-icon-writers-2-100x100.png 100w\" sizes=\"(max-width: 150px) 100vw, 150px\" \/>\t\t\t\t\t\t\t\t<\/a>\n\t\t\t\t\t\t\t\t\t\t\t\t\t\t\t<\/div>\n\t\t\t\t<\/div>\n\t\t\t\t<div class=\"elementor-element elementor-element-2046ec6 elementor-widget elementor-widget-text-editor\" data-id=\"2046ec6\" data-element_type=\"widget\" data-widget_type=\"text-editor.default\">\n\t\t\t\t<div class=\"elementor-widget-container\">\n\t\t\t\t\t\t\t\t\t<p><a href=\"https:\/\/www.facebook.com\/AssignmentsinUK\/\">AssignmentsinUK<\/a><\/p>\t\t\t\t\t\t\t\t<\/div>\n\t\t\t\t<\/div>\n\t\t\t\t<div class=\"elementor-element elementor-element-1ba55af elementor-widget elementor-widget-text-editor\" data-id=\"1ba55af\" data-element_type=\"widget\" data-widget_type=\"text-editor.default\">\n\t\t\t\t<div class=\"elementor-widget-container\">\n\t\t\t\t\t\t\t\t\t<span style=\"font-weight: 600;\">Intr\u0103 \u00een leg\u0103tur\u0103 cu noi pe Facebook<\/span>\t\t\t\t\t\t\t\t<\/div>\n\t\t\t\t<\/div>\n\t\t\t\t<div class=\"elementor-element elementor-element-4d957fe elementor-absolute elementor-widget elementor-widget-html\" data-id=\"4d957fe\" data-element_type=\"widget\" data-settings=\"{&quot;_position&quot;:&quot;absolute&quot;}\" data-widget_type=\"html.default\">\n\t\t\t\t<div class=\"elementor-widget-container\">\n\t\t\t\t\t<p class=\"paper fold\"><\/p>\t\t\t\t<\/div>\n\t\t\t\t<\/div>\n\t\t\t\t\t<\/div>\n\t\t<\/div>\n\t\t\t\t<div class=\"elementor-column elementor-col-20 elementor-inner-column elementor-element elementor-element-6cdb1d5 contact-top-box\" data-id=\"6cdb1d5\" data-element_type=\"column\" data-settings=\"{&quot;background_background&quot;:&quot;classic&quot;}\">\n\t\t\t<div class=\"elementor-widget-wrap elementor-element-populated\">\n\t\t\t\t\t\t<div class=\"elementor-element elementor-element-8722a2a elementor-widget elementor-widget-image\" data-id=\"8722a2a\" data-element_type=\"widget\" data-widget_type=\"image.default\">\n\t\t\t\t<div class=\"elementor-widget-container\">\n\t\t\t\t\t\t\t\t\t\t\t\t\t\t\t\t<a href=\"https:\/\/www.instagram.com\/assignmentsforstudentsuk\/\">\n\t\t\t\t\t\t\t<img decoding=\"async\" width=\"150\" height=\"150\" src=\"https:\/\/writers.wpdeveloper.pk\/wp-content\/uploads\/2023\/06\/insta-icon-writers-150x150.png\" class=\"attachment-thumbnail size-thumbnail wp-image-11187\" alt=\"\" srcset=\"https:\/\/writers.wpdeveloper.pk\/wp-content\/uploads\/2023\/06\/insta-icon-writers-150x150.png 150w, https:\/\/writers.wpdeveloper.pk\/wp-content\/uploads\/2023\/06\/insta-icon-writers-300x300.png 300w, https:\/\/writers.wpdeveloper.pk\/wp-content\/uploads\/2023\/06\/insta-icon-writers-1024x1024.png 1024w, https:\/\/writers.wpdeveloper.pk\/wp-content\/uploads\/2023\/06\/insta-icon-writers-768x768.png 768w, https:\/\/writers.wpdeveloper.pk\/wp-content\/uploads\/2023\/06\/insta-icon-writers-1536x1536.png 1536w, https:\/\/writers.wpdeveloper.pk\/wp-content\/uploads\/2023\/06\/insta-icon-writers-2048x2048.png 2048w, https:\/\/writers.wpdeveloper.pk\/wp-content\/uploads\/2023\/06\/insta-icon-writers-600x600.png 600w, https:\/\/writers.wpdeveloper.pk\/wp-content\/uploads\/2023\/06\/insta-icon-writers-100x100.png 100w\" sizes=\"(max-width: 150px) 100vw, 150px\" \/>\t\t\t\t\t\t\t\t<\/a>\n\t\t\t\t\t\t\t\t\t\t\t\t\t\t\t<\/div>\n\t\t\t\t<\/div>\n\t\t\t\t<div class=\"elementor-element elementor-element-5274d6b elementor-widget elementor-widget-text-editor\" data-id=\"5274d6b\" data-element_type=\"widget\" data-widget_type=\"text-editor.default\">\n\t\t\t\t<div class=\"elementor-widget-container\">\n\t\t\t\t\t\t\t\t\t<p><a href=\"https:\/\/www.instagram.com\/assignmentsforstudentsuk\/\">assignmentsforstudentsuk<\/a><\/p>\t\t\t\t\t\t\t\t<\/div>\n\t\t\t\t<\/div>\n\t\t\t\t<div class=\"elementor-element elementor-element-20dc14a elementor-widget elementor-widget-text-editor\" data-id=\"20dc14a\" data-element_type=\"widget\" data-widget_type=\"text-editor.default\">\n\t\t\t\t<div class=\"elementor-widget-container\">\n\t\t\t\t\t\t\t\t\t<span style=\"font-weight: 600;\">Trimite-ne un mesaj pe Instagram<\/span>\t\t\t\t\t\t\t\t<\/div>\n\t\t\t\t<\/div>\n\t\t\t\t<div class=\"elementor-element elementor-element-a418b64 elementor-absolute elementor-widget elementor-widget-html\" data-id=\"a418b64\" data-element_type=\"widget\" data-settings=\"{&quot;_position&quot;:&quot;absolute&quot;}\" data-widget_type=\"html.default\">\n\t\t\t\t<div class=\"elementor-widget-container\">\n\t\t\t\t\t<p class=\"paper fold\"><\/p>\t\t\t\t<\/div>\n\t\t\t\t<\/div>\n\t\t\t\t\t<\/div>\n\t\t<\/div>\n\t\t\t\t<div class=\"elementor-column elementor-col-20 elementor-inner-column elementor-element elementor-element-c704b75 contact-top-box\" data-id=\"c704b75\" data-element_type=\"column\" data-settings=\"{&quot;background_background&quot;:&quot;classic&quot;}\">\n\t\t\t<div class=\"elementor-widget-wrap elementor-element-populated\">\n\t\t\t\t\t\t<div class=\"elementor-element elementor-element-645e0d7 elementor-widget elementor-widget-image\" data-id=\"645e0d7\" data-element_type=\"widget\" data-widget_type=\"image.default\">\n\t\t\t\t<div class=\"elementor-widget-container\">\n\t\t\t\t\t\t\t\t\t\t\t\t\t\t\t\t<a href=\"https:\/\/www.instagram.com\/assignmentsforstudentsuk\/\">\n\t\t\t\t\t\t\t<img decoding=\"async\" width=\"150\" height=\"150\" src=\"https:\/\/writers.wpdeveloper.pk\/wp-content\/uploads\/2023\/06\/whatsapp-icon-writers-2-150x150.png\" class=\"attachment-thumbnail size-thumbnail wp-image-11186\" alt=\"\" srcset=\"https:\/\/writers.wpdeveloper.pk\/wp-content\/uploads\/2023\/06\/whatsapp-icon-writers-2-150x150.png 150w, https:\/\/writers.wpdeveloper.pk\/wp-content\/uploads\/2023\/06\/whatsapp-icon-writers-2-300x300.png 300w, https:\/\/writers.wpdeveloper.pk\/wp-content\/uploads\/2023\/06\/whatsapp-icon-writers-2-1024x1024.png 1024w, https:\/\/writers.wpdeveloper.pk\/wp-content\/uploads\/2023\/06\/whatsapp-icon-writers-2-768x768.png 768w, https:\/\/writers.wpdeveloper.pk\/wp-content\/uploads\/2023\/06\/whatsapp-icon-writers-2-1536x1536.png 1536w, https:\/\/writers.wpdeveloper.pk\/wp-content\/uploads\/2023\/06\/whatsapp-icon-writers-2-600x600.png 600w, https:\/\/writers.wpdeveloper.pk\/wp-content\/uploads\/2023\/06\/whatsapp-icon-writers-2-100x100.png 100w, https:\/\/writers.wpdeveloper.pk\/wp-content\/uploads\/2023\/06\/whatsapp-icon-writers-2.png 1829w\" sizes=\"(max-width: 150px) 100vw, 150px\" \/>\t\t\t\t\t\t\t\t<\/a>\n\t\t\t\t\t\t\t\t\t\t\t\t\t\t\t<\/div>\n\t\t\t\t<\/div>\n\t\t\t\t<div class=\"elementor-element elementor-element-13f2836 elementor-widget elementor-widget-text-editor\" data-id=\"13f2836\" data-element_type=\"widget\" data-widget_type=\"text-editor.default\">\n\t\t\t\t<div class=\"elementor-widget-container\">\n\t\t\t\t\t\t\t\t\t<p><a href=\"tel:07428079989\">0742 807 9989<\/a><\/p>\t\t\t\t\t\t\t\t<\/div>\n\t\t\t\t<\/div>\n\t\t\t\t<div class=\"elementor-element elementor-element-4244c0e elementor-widget elementor-widget-text-editor\" data-id=\"4244c0e\" data-element_type=\"widget\" data-widget_type=\"text-editor.default\">\n\t\t\t\t<div class=\"elementor-widget-container\">\n\t\t\t\t\t\t\t\t\t<p>Sun\u0103-ne oric\u00e2nd<\/p>\t\t\t\t\t\t\t\t<\/div>\n\t\t\t\t<\/div>\n\t\t\t\t<div class=\"elementor-element elementor-element-3f59a1c elementor-absolute elementor-widget elementor-widget-html\" data-id=\"3f59a1c\" data-element_type=\"widget\" data-settings=\"{&quot;_position&quot;:&quot;absolute&quot;}\" data-widget_type=\"html.default\">\n\t\t\t\t<div class=\"elementor-widget-container\">\n\t\t\t\t\t<p class=\"paper fold\"><\/p>\t\t\t\t<\/div>\n\t\t\t\t<\/div>\n\t\t\t\t\t<\/div>\n\t\t<\/div>\n\t\t\t\t<div class=\"elementor-column elementor-col-20 elementor-inner-column elementor-element elementor-element-c4c0a45 contact-top-box\" data-id=\"c4c0a45\" data-element_type=\"column\" data-settings=\"{&quot;background_background&quot;:&quot;classic&quot;}\">\n\t\t\t<div class=\"elementor-widget-wrap elementor-element-populated\">\n\t\t\t\t\t\t<div class=\"elementor-element elementor-element-863aaa9 elementor-widget elementor-widget-image\" data-id=\"863aaa9\" data-element_type=\"widget\" data-widget_type=\"image.default\">\n\t\t\t\t<div class=\"elementor-widget-container\">\n\t\t\t\t\t\t\t\t\t\t\t\t\t\t\t\t<a href=\"tel:+447312716245\">\n\t\t\t\t\t\t\t<img loading=\"lazy\" decoding=\"async\" width=\"150\" height=\"150\" src=\"https:\/\/writers.wpdeveloper.pk\/wp-content\/uploads\/2023\/06\/whatsapp-icon-writers-150x150.png\" class=\"attachment-thumbnail size-thumbnail wp-image-11188\" alt=\"\" srcset=\"https:\/\/writers.wpdeveloper.pk\/wp-content\/uploads\/2023\/06\/whatsapp-icon-writers-150x150.png 150w, https:\/\/writers.wpdeveloper.pk\/wp-content\/uploads\/2023\/06\/whatsapp-icon-writers-300x300.png 300w, https:\/\/writers.wpdeveloper.pk\/wp-content\/uploads\/2023\/06\/whatsapp-icon-writers-1024x1024.png 1024w, https:\/\/writers.wpdeveloper.pk\/wp-content\/uploads\/2023\/06\/whatsapp-icon-writers-768x768.png 768w, https:\/\/writers.wpdeveloper.pk\/wp-content\/uploads\/2023\/06\/whatsapp-icon-writers-1536x1536.png 1536w, https:\/\/writers.wpdeveloper.pk\/wp-content\/uploads\/2023\/06\/whatsapp-icon-writers-2048x2048.png 2048w, https:\/\/writers.wpdeveloper.pk\/wp-content\/uploads\/2023\/06\/whatsapp-icon-writers-600x600.png 600w, https:\/\/writers.wpdeveloper.pk\/wp-content\/uploads\/2023\/06\/whatsapp-icon-writers-100x100.png 100w\" sizes=\"(max-width: 150px) 100vw, 150px\" \/>\t\t\t\t\t\t\t\t<\/a>\n\t\t\t\t\t\t\t\t\t\t\t\t\t\t\t<\/div>\n\t\t\t\t<\/div>\n\t\t\t\t<div class=\"elementor-element elementor-element-1bd9fc7 elementor-widget elementor-widget-text-editor\" data-id=\"1bd9fc7\" data-element_type=\"widget\" data-widget_type=\"text-editor.default\">\n\t\t\t\t<div class=\"elementor-widget-container\">\n\t\t\t\t\t\t\t\t\t<a href=\"tel:+4407428079989\">+44 (0) 7428 079989<\/a>\t\t\t\t\t\t\t\t<\/div>\n\t\t\t\t<\/div>\n\t\t\t\t<div class=\"elementor-element elementor-element-4695908 elementor-widget elementor-widget-text-editor\" data-id=\"4695908\" data-element_type=\"widget\" data-widget_type=\"text-editor.default\">\n\t\t\t\t<div class=\"elementor-widget-container\">\n\t\t\t\t\t\t\t\t\t<p>Contacteaza-ne pe WhatsApp<\/p>\t\t\t\t\t\t\t\t<\/div>\n\t\t\t\t<\/div>\n\t\t\t\t<div class=\"elementor-element elementor-element-cda78cb elementor-absolute elementor-widget elementor-widget-html\" data-id=\"cda78cb\" data-element_type=\"widget\" data-settings=\"{&quot;_position&quot;:&quot;absolute&quot;}\" data-widget_type=\"html.default\">\n\t\t\t\t<div class=\"elementor-widget-container\">\n\t\t\t\t\t<p class=\"paper fold\"><\/p>\t\t\t\t<\/div>\n\t\t\t\t<\/div>\n\t\t\t\t\t<\/div>\n\t\t<\/div>\n\t\t\t\t<div class=\"elementor-column elementor-col-20 elementor-inner-column elementor-element elementor-element-b3214aa contact-top-box\" data-id=\"b3214aa\" data-element_type=\"column\" data-settings=\"{&quot;background_background&quot;:&quot;classic&quot;}\">\n\t\t\t<div class=\"elementor-widget-wrap elementor-element-populated\">\n\t\t\t\t\t\t<div class=\"elementor-element elementor-element-c72fab9 elementor-widget elementor-widget-image\" data-id=\"c72fab9\" data-element_type=\"widget\" data-widget_type=\"image.default\">\n\t\t\t\t<div class=\"elementor-widget-container\">\n\t\t\t\t\t\t\t\t\t\t\t\t\t\t\t\t<a href=\"tel:+447312716245\">\n\t\t\t\t\t\t\t<img loading=\"lazy\" decoding=\"async\" width=\"150\" height=\"150\" src=\"https:\/\/writers.wpdeveloper.pk\/wp-content\/uploads\/2023\/07\/plic-mail-writers-png-sm-150x150.jpg\" class=\"attachment-thumbnail size-thumbnail wp-image-12303\" alt=\"\" srcset=\"https:\/\/writers.wpdeveloper.pk\/wp-content\/uploads\/2023\/07\/plic-mail-writers-png-sm-150x150.jpg 150w, https:\/\/writers.wpdeveloper.pk\/wp-content\/uploads\/2023\/07\/plic-mail-writers-png-sm-300x300.jpg 300w, https:\/\/writers.wpdeveloper.pk\/wp-content\/uploads\/2023\/07\/plic-mail-writers-png-sm-1024x1022.jpg 1024w, https:\/\/writers.wpdeveloper.pk\/wp-content\/uploads\/2023\/07\/plic-mail-writers-png-sm-768x766.jpg 768w, https:\/\/writers.wpdeveloper.pk\/wp-content\/uploads\/2023\/07\/plic-mail-writers-png-sm-600x599.jpg 600w, https:\/\/writers.wpdeveloper.pk\/wp-content\/uploads\/2023\/07\/plic-mail-writers-png-sm-100x100.jpg 100w, https:\/\/writers.wpdeveloper.pk\/wp-content\/uploads\/2023\/07\/plic-mail-writers-png-sm.jpg 1300w\" sizes=\"(max-width: 150px) 100vw, 150px\" \/>\t\t\t\t\t\t\t\t<\/a>\n\t\t\t\t\t\t\t\t\t\t\t\t\t\t\t<\/div>\n\t\t\t\t<\/div>\n\t\t\t\t<div class=\"elementor-element elementor-element-72b6e20 elementor-widget elementor-widget-text-editor\" data-id=\"72b6e20\" data-element_type=\"widget\" data-widget_type=\"text-editor.default\">\n\t\t\t\t<div class=\"elementor-widget-container\">\n\t\t\t\t\t\t\t\t\t<p><a href=\"mailto:office@thewritershelp.com\">office@thewritershelp.com<\/a><\/p>\t\t\t\t\t\t\t\t<\/div>\n\t\t\t\t<\/div>\n\t\t\t\t<div class=\"elementor-element elementor-element-03e84ff elementor-widget elementor-widget-text-editor\" data-id=\"03e84ff\" data-element_type=\"widget\" data-widget_type=\"text-editor.default\">\n\t\t\t\t<div class=\"elementor-widget-container\">\n\t\t\t\t\t\t\t\t\t<span style=\"font-weight: 600;\">Scrie-ne un email<\/span>\t\t\t\t\t\t\t\t<\/div>\n\t\t\t\t<\/div>\n\t\t\t\t<div class=\"elementor-element elementor-element-538aa9c elementor-absolute elementor-widget elementor-widget-html\" data-id=\"538aa9c\" data-element_type=\"widget\" data-settings=\"{&quot;_position&quot;:&quot;absolute&quot;}\" data-widget_type=\"html.default\">\n\t\t\t\t<div class=\"elementor-widget-container\">\n\t\t\t\t\t<p class=\"paper fold\"><\/p>\t\t\t\t<\/div>\n\t\t\t\t<\/div>\n\t\t\t\t\t<\/div>\n\t\t<\/div>\n\t\t\t\t\t<\/div>\n\t\t<\/section>\n\t\t\t\t<div class=\"elementor-element elementor-element-730fff74 elementor-widget elementor-widget-spacer\" data-id=\"730fff74\" data-element_type=\"widget\" data-widget_type=\"spacer.default\">\n\t\t\t\t<div class=\"elementor-widget-container\">\n\t\t\t\t\t\t\t<div class=\"elementor-spacer\">\n\t\t\t<div class=\"elementor-spacer-inner\"><\/div>\n\t\t<\/div>\n\t\t\t\t\t\t<\/div>\n\t\t\t\t<\/div>\n\t\t\t\t\t<\/div>\n\t\t<\/div>\n\t\t\t\t\t<\/div>\n\t\t<\/section>\n\t\t\t\t<section class=\"elementor-section elementor-top-section elementor-element elementor-element-325fdcc elementor-section-boxed elementor-section-height-default elementor-section-height-default\" data-id=\"325fdcc\" data-element_type=\"section\">\n\t\t\t\t\t\t<div class=\"elementor-container elementor-column-gap-default\">\n\t\t\t\t\t<div class=\"elementor-column elementor-col-100 elementor-top-column elementor-element elementor-element-e03e6c0\" data-id=\"e03e6c0\" data-element_type=\"column\">\n\t\t\t<div class=\"elementor-widget-wrap elementor-element-populated\">\n\t\t\t\t\t\t<section class=\"elementor-section elementor-inner-section elementor-element elementor-element-74995e5 elementor-section-content-middle elementor-section-boxed elementor-section-height-default elementor-section-height-default\" data-id=\"74995e5\" data-element_type=\"section\">\n\t\t\t\t\t\t<div class=\"elementor-container elementor-column-gap-default\">\n\t\t\t\t\t<div data-dce-background-color=\"#ffffff\" class=\"elementor-column elementor-col-50 elementor-inner-column elementor-element elementor-element-abb57bb\" data-id=\"abb57bb\" data-element_type=\"column\" data-settings=\"{&quot;background_background&quot;:&quot;classic&quot;}\">\n\t\t\t<div class=\"elementor-widget-wrap elementor-element-populated\">\n\t\t\t\t\t\t<div class=\"elementor-element elementor-element-6dfec72 no-mrg elementor-widget elementor-widget-text-editor\" data-id=\"6dfec72\" data-element_type=\"widget\" data-widget_type=\"text-editor.default\">\n\t\t\t\t<div class=\"elementor-widget-container\">\n\t\t\t\t\t\t\t\t\t<p><strong>Echipa noastr\u0103 \u00ee\u021bi st\u0103 la dispozi\u021bie<\/strong><\/p>\t\t\t\t\t\t\t\t<\/div>\n\t\t\t\t<\/div>\n\t\t\t\t<div class=\"elementor-element elementor-element-79838be elementor-widget elementor-widget-text-editor\" data-id=\"79838be\" data-element_type=\"widget\" data-widget_type=\"text-editor.default\">\n\t\t\t\t<div class=\"elementor-widget-container\">\n\t\t\t\t\t\t\t\t\t<p class=\"MsoListParagraph\" style=\"text-align: center;\">Completeaz\u0103 formularul cu numele, num\u0103rul de telefon, adresa de e-mail \u0219i mesajul t\u0103u, iar unul dintre operatorii no\u0219tri te va contacta \u00een cel mai scurt timp.\u00a0<\/p><p class=\"MsoListParagraph\" style=\"text-align: center;\">Echipa The Writers este \u00eentotdeauna preg\u0103tit\u0103 s\u0103 te ajute cu orice fel probleme sau \u00eengrijor\u0103ri pe care\u00a0le-ai\u00a0avea.<\/p>\t\t\t\t\t\t\t\t<\/div>\n\t\t\t\t<\/div>\n\t\t\t\t<div class=\"elementor-element elementor-element-65f554f elementor-widget elementor-widget-image\" data-id=\"65f554f\" data-element_type=\"widget\" data-widget_type=\"image.default\">\n\t\t\t\t<div class=\"elementor-widget-container\">\n\t\t\t\t\t\t\t\t\t\t\t\t\t\t\t<img loading=\"lazy\" decoding=\"async\" width=\"1346\" height=\"956\" src=\"https:\/\/writers.wpdeveloper.pk\/wp-content\/uploads\/2023\/07\/contact-shape.png\" class=\"attachment-full size-full wp-image-13014\" alt=\"\" srcset=\"https:\/\/writers.wpdeveloper.pk\/wp-content\/uploads\/2023\/07\/contact-shape.png 1346w, https:\/\/writers.wpdeveloper.pk\/wp-content\/uploads\/2023\/07\/contact-shape-300x213.png 300w, https:\/\/writers.wpdeveloper.pk\/wp-content\/uploads\/2023\/07\/contact-shape-1024x727.png 1024w, https:\/\/writers.wpdeveloper.pk\/wp-content\/uploads\/2023\/07\/contact-shape-768x545.png 768w, https:\/\/writers.wpdeveloper.pk\/wp-content\/uploads\/2023\/07\/contact-shape-600x426.png 600w\" sizes=\"(max-width: 1346px) 100vw, 1346px\" \/>\t\t\t\t\t\t\t\t\t\t\t\t\t\t\t<\/div>\n\t\t\t\t<\/div>\n\t\t\t\t\t<\/div>\n\t\t<\/div>\n\t\t\t\t<div data-dce-background-color=\"#ffffff\" class=\"elementor-column elementor-col-50 elementor-inner-column elementor-element elementor-element-464e58a contact-form-col\" data-id=\"464e58a\" data-element_type=\"column\" data-settings=\"{&quot;background_background&quot;:&quot;classic&quot;}\">\n\t\t\t<div class=\"elementor-widget-wrap elementor-element-populated\">\n\t\t\t\t\t\t\t<\/div>\n\t\t<\/div>\n\t\t\t\t\t<\/div>\n\t\t<\/section>\n\t\t\t\t\t<\/div>\n\t\t<\/div>\n\t\t\t\t\t<\/div>\n\t\t<\/section>\n\t\t\t\t<\/div>\n\t\t","protected":false},"excerpt":{"rendered":"<p>Ne-am bucura s\u0103 primim ve\u0219ti de la tine Echipa noastr\u0103 este disponibil\u0103 non-stop pentru a r\u0103spunde la orice \u00eentrebare pe care o ai despre serviciile noastre. Nu ezita s\u0103 ne contactezi dac\u0103 ai nevoie de ajutor sau ai o urgen\u021b\u0103. Oferim suport personalizat pentru nevoile tale 24\/7 ca s\u0103 ne asigur\u0103m c\u0103 ai o experien\u021b\u0103 [&hellip;]<\/p>\n","protected":false},"author":1,"featured_media":0,"parent":0,"menu_order":0,"comment_status":"closed","ping_status":"closed","template":"elementor_header_footer","meta":{"footnotes":""},"class_list":["post-13704","page","type-page","status-publish","hentry"],"_links":{"self":[{"href":"https:\/\/writers.wpdeveloper.pk\/index.php\/wp-json\/wp\/v2\/pages\/13704","targetHints":{"allow":["GET"]}}],"collection":[{"href":"https:\/\/writers.wpdeveloper.pk\/index.php\/wp-json\/wp\/v2\/pages"}],"about":[{"href":"https:\/\/writers.wpdeveloper.pk\/index.php\/wp-json\/wp\/v2\/types\/page"}],"author":[{"embeddable":true,"href":"https:\/\/writers.wpdeveloper.pk\/index.php\/wp-json\/wp\/v2\/users\/1"}],"replies":[{"embeddable":true,"href":"https:\/\/writers.wpdeveloper.pk\/index.php\/wp-json\/wp\/v2\/comments?post=13704"}],"version-history":[{"count":5,"href":"https:\/\/writers.wpdeveloper.pk\/index.php\/wp-json\/wp\/v2\/pages\/13704\/revisions"}],"predecessor-version":[{"id":15676,"href":"https:\/\/writers.wpdeveloper.pk\/index.php\/wp-json\/wp\/v2\/pages\/13704\/revisions\/15676"}],"wp:attachment":[{"href":"https:\/\/writers.wpdeveloper.pk\/index.php\/wp-json\/wp\/v2\/media?parent=13704"}],"curies":[{"name":"wp","href":"https:\/\/api.w.org\/{rel}","templated":true}]}}