{"id":13834,"date":"2023-08-12T11:13:05","date_gmt":"2023-08-12T11:13:05","guid":{"rendered":"https:\/\/thewritershelp.com\/?page_id=13834"},"modified":"2025-08-20T09:05:29","modified_gmt":"2025-08-20T09:05:29","slug":"tombola-saptamanala","status":"publish","type":"page","link":"https:\/\/writers.wpdeveloper.pk\/index.php\/ro\/tombola-saptamanala\/","title":{"rendered":"Tombola s\u0103pt\u0103m\u00e2nal\u0103"},"content":{"rendered":"\t\t<div data-elementor-type=\"wp-page\" data-elementor-id=\"13834\" class=\"elementor elementor-13834\" data-elementor-post-type=\"page\">\n\t\t\t\t\t\t<section data-dce-background-image-url=\"https:\/\/writers.myserverpk.plus\/wp-content\/uploads\/2025\/08\/Banner-EN-RO-scaled.png\" class=\"elementor-section elementor-top-section elementor-element elementor-element-4019437 elementor-section-height-min-height elementor-section-boxed elementor-section-height-default elementor-section-items-middle\" data-id=\"4019437\" data-element_type=\"section\" data-settings=\"{&quot;background_background&quot;:&quot;classic&quot;,&quot;shape_divider_bottom&quot;:&quot;tilt&quot;}\">\n\t\t\t\t\t<div class=\"elementor-shape elementor-shape-bottom\" aria-hidden=\"true\" data-negative=\"false\">\n\t\t\t<svg xmlns=\"http:\/\/www.w3.org\/2000\/svg\" viewBox=\"0 0 1000 100\" preserveAspectRatio=\"none\">\n\t<path class=\"elementor-shape-fill\" d=\"M0,6V0h1000v100L0,6z\"\/>\n<\/svg>\t\t<\/div>\n\t\t\t\t\t<div class=\"elementor-container elementor-column-gap-default\">\n\t\t\t\t\t<div class=\"elementor-column elementor-col-100 elementor-top-column elementor-element elementor-element-d8ee15d\" data-id=\"d8ee15d\" data-element_type=\"column\">\n\t\t\t<div class=\"elementor-widget-wrap elementor-element-populated\">\n\t\t\t\t\t\t<section class=\"elementor-section elementor-inner-section elementor-element elementor-element-7d9e0bc elementor-section-full_width elementor-section-height-default elementor-section-height-default\" data-id=\"7d9e0bc\" data-element_type=\"section\">\n\t\t\t\t\t\t<div class=\"elementor-container elementor-column-gap-default\">\n\t\t\t\t\t<div class=\"elementor-column elementor-col-50 elementor-inner-column elementor-element elementor-element-b7609e2\" data-id=\"b7609e2\" data-element_type=\"column\">\n\t\t\t<div class=\"elementor-widget-wrap elementor-element-populated\">\n\t\t\t\t\t\t<div class=\"elementor-element elementor-element-2718cfd animated-fast no-mrg elementor-widget elementor-widget-heading\" data-id=\"2718cfd\" data-element_type=\"widget\" data-settings=\"{&quot;_animation&quot;:&quot;none&quot;}\" data-widget_type=\"heading.default\">\n\t\t\t\t<div class=\"elementor-widget-container\">\n\t\t\t\t\t<h2 class=\"elementor-heading-title elementor-size-default\"><span style=\"font-family: Poppins\">C\u00c2\u0218TIG\u0102 PROIECTE <\/span><br>GRATUITE \u00ceN <\/h2>\t\t\t\t<\/div>\n\t\t\t\t<\/div>\n\t\t\t\t<div class=\"elementor-element elementor-element-309c5f4 animated-fast no-mrg elementor-widget elementor-widget-heading\" data-id=\"309c5f4\" data-element_type=\"widget\" data-settings=\"{&quot;_animation&quot;:&quot;none&quot;}\" data-widget_type=\"heading.default\">\n\t\t\t\t<div class=\"elementor-widget-container\">\n\t\t\t\t\t<h3 class=\"elementor-heading-title elementor-size-default\">FIECARE S\u0102PT\u0102M\u00c2N\u0102<\/h3>\t\t\t\t<\/div>\n\t\t\t\t<\/div>\n\t\t\t\t<div class=\"elementor-element elementor-element-325efc4 order-now-btn pulse animated animated-fast elementor-align-center elementor-widget elementor-widget-button\" data-id=\"325efc4\" data-element_type=\"widget\" data-widget_type=\"button.default\">\n\t\t\t\t<div class=\"elementor-widget-container\">\n\t\t\t\t\t\t\t\t\t<div class=\"elementor-button-wrapper\">\n\t\t\t\t\t<a class=\"elementor-button elementor-button-link elementor-size-md\" href=\"#recommendation-form\">\n\t\t\t\t\t\t<span class=\"elementor-button-content-wrapper\">\n\t\t\t\t\t\t\t\t\t<span class=\"elementor-button-text\">\u00censcrie\u021bi-v\u0103 acum<\/span>\n\t\t\t\t\t<\/span>\n\t\t\t\t\t<\/a>\n\t\t\t\t<\/div>\n\t\t\t\t\t\t\t\t<\/div>\n\t\t\t\t<\/div>\n\t\t\t\t\t<\/div>\n\t\t<\/div>\n\t\t\t\t<div class=\"elementor-column elementor-col-50 elementor-inner-column elementor-element elementor-element-c8e7c59\" data-id=\"c8e7c59\" data-element_type=\"column\">\n\t\t\t<div class=\"elementor-widget-wrap\">\n\t\t\t\t\t\t\t<\/div>\n\t\t<\/div>\n\t\t\t\t\t<\/div>\n\t\t<\/section>\n\t\t\t\t\t<\/div>\n\t\t<\/div>\n\t\t\t\t\t<\/div>\n\t\t<\/section>\n\t\t\t\t<section class=\"elementor-section elementor-top-section elementor-element elementor-element-c431af8 elementor-section-boxed elementor-section-height-default elementor-section-height-default\" data-id=\"c431af8\" data-element_type=\"section\">\n\t\t\t\t\t\t<div class=\"elementor-container elementor-column-gap-no\">\n\t\t\t\t\t<div class=\"elementor-column elementor-col-100 elementor-top-column elementor-element elementor-element-7c5e77a\" data-id=\"7c5e77a\" data-element_type=\"column\">\n\t\t\t<div class=\"elementor-widget-wrap elementor-element-populated\">\n\t\t\t\t\t\t<section class=\"elementor-section elementor-inner-section elementor-element elementor-element-9e44ee4 elementor-section-full_width elementor-section-content-middle elementor-section-height-default elementor-section-height-default\" data-id=\"9e44ee4\" data-element_type=\"section\">\n\t\t\t\t\t\t<div class=\"elementor-container elementor-column-gap-narrow\">\n\t\t\t\t\t<div class=\"elementor-column elementor-col-50 elementor-inner-column elementor-element elementor-element-a4f8348\" data-id=\"a4f8348\" data-element_type=\"column\">\n\t\t\t<div class=\"elementor-widget-wrap elementor-element-populated\">\n\t\t\t\t\t\t<div class=\"elementor-element elementor-element-70171a9 no-mrg animated-fast elementor-invisible elementor-widget elementor-widget-heading\" data-id=\"70171a9\" data-element_type=\"widget\" data-settings=\"{&quot;_animation&quot;:&quot;fadeInLeft&quot;}\" data-widget_type=\"heading.default\">\n\t\t\t\t<div class=\"elementor-widget-container\">\n\t\t\t\t\t<h3 class=\"elementor-heading-title elementor-size-default\"><span style=\"color: #2D2F54;font-size: 28px\">CE ESTE TOMBOLA  <\/span><br>S\u0102PT\u0102M\u00c2NAL\u0102?<\/h3>\t\t\t\t<\/div>\n\t\t\t\t<\/div>\n\t\t\t\t<div class=\"elementor-element elementor-element-9624fa8 no-mrg elementor-invisible elementor-widget elementor-widget-text-editor\" data-id=\"9624fa8\" data-element_type=\"widget\" data-settings=\"{&quot;_animation&quot;:&quot;fadeIn&quot;}\" data-widget_type=\"text-editor.default\">\n\t\t\t\t<div class=\"elementor-widget-container\">\n\t\t\t\t\t\t\t\t\t<p>Este o tombol\u0103 prin care participan\u021bii au \u0219ansa de a c\u00e2\u0219tiga o tem\u0103 gratuit\u0103.<\/p>\t\t\t\t\t\t\t\t<\/div>\n\t\t\t\t<\/div>\n\t\t\t\t\t<\/div>\n\t\t<\/div>\n\t\t\t\t<div class=\"elementor-column elementor-col-50 elementor-inner-column elementor-element elementor-element-a2bae48\" data-id=\"a2bae48\" data-element_type=\"column\">\n\t\t\t<div class=\"elementor-widget-wrap elementor-element-populated\">\n\t\t\t\t\t\t<div class=\"elementor-element elementor-element-85204b6 elementor-widget elementor-widget-image\" data-id=\"85204b6\" data-element_type=\"widget\" data-widget_type=\"image.default\">\n\t\t\t\t<div class=\"elementor-widget-container\">\n\t\t\t\t\t\t\t\t\t\t\t\t\t\t\t<img fetchpriority=\"high\" decoding=\"async\" width=\"2560\" height=\"1980\" src=\"https:\/\/writers.wpdeveloper.pk\/wp-content\/uploads\/2025\/08\/Banner-Sectiunea-Tombola-RO-scaled.png\" class=\"attachment-full size-full wp-image-16145\" alt=\"\" srcset=\"https:\/\/writers.wpdeveloper.pk\/wp-content\/uploads\/2025\/08\/Banner-Sectiunea-Tombola-RO-scaled.png 2560w, https:\/\/writers.wpdeveloper.pk\/wp-content\/uploads\/2025\/08\/Banner-Sectiunea-Tombola-RO-300x232.png 300w, https:\/\/writers.wpdeveloper.pk\/wp-content\/uploads\/2025\/08\/Banner-Sectiunea-Tombola-RO-1024x792.png 1024w, https:\/\/writers.wpdeveloper.pk\/wp-content\/uploads\/2025\/08\/Banner-Sectiunea-Tombola-RO-768x594.png 768w, https:\/\/writers.wpdeveloper.pk\/wp-content\/uploads\/2025\/08\/Banner-Sectiunea-Tombola-RO-1536x1188.png 1536w, https:\/\/writers.wpdeveloper.pk\/wp-content\/uploads\/2025\/08\/Banner-Sectiunea-Tombola-RO-2048x1584.png 2048w, https:\/\/writers.wpdeveloper.pk\/wp-content\/uploads\/2025\/08\/Banner-Sectiunea-Tombola-RO-600x464.png 600w\" sizes=\"(max-width: 2560px) 100vw, 2560px\" \/>\t\t\t\t\t\t\t\t\t\t\t\t\t\t\t<\/div>\n\t\t\t\t<\/div>\n\t\t\t\t\t<\/div>\n\t\t<\/div>\n\t\t\t\t\t<\/div>\n\t\t<\/section>\n\t\t\t\t<section class=\"elementor-section elementor-inner-section elementor-element elementor-element-0b7ecc5 elementor-section-full_width elementor-section-height-default elementor-section-height-default\" data-id=\"0b7ecc5\" data-element_type=\"section\">\n\t\t\t\t\t\t<div class=\"elementor-container elementor-column-gap-narrow\">\n\t\t\t\t\t<div class=\"elementor-column elementor-col-50 elementor-inner-column elementor-element elementor-element-0acde30\" data-id=\"0acde30\" data-element_type=\"column\">\n\t\t\t<div class=\"elementor-widget-wrap elementor-element-populated\">\n\t\t\t\t\t\t<div class=\"elementor-element elementor-element-2d49a25 elementor-widget elementor-widget-image\" data-id=\"2d49a25\" data-element_type=\"widget\" data-widget_type=\"image.default\">\n\t\t\t\t<div class=\"elementor-widget-container\">\n\t\t\t\t\t\t\t\t\t\t\t\t\t\t\t<img decoding=\"async\" src=\"https:\/\/writers.wpdeveloper.pk\/wp-content\/uploads\/elementor\/thumbs\/weekly-Ruffle-Image-2-RO-EN-scaled-ra3rv8965rr04f7yt1mawh1ge7phuxf7gb472721ls.jpg\" title=\"Close,Up,Of,A,Stack,Of,Paper,On,White,Background\" alt=\"Close,Up,Of,A,Stack,Of,Paper,On,White,Background\" loading=\"lazy\" \/>\t\t\t\t\t\t\t\t\t\t\t\t\t\t\t<\/div>\n\t\t\t\t<\/div>\n\t\t\t\t\t<\/div>\n\t\t<\/div>\n\t\t\t\t<div class=\"elementor-column elementor-col-50 elementor-inner-column elementor-element elementor-element-1dc96e7 mrg-mob-40\" data-id=\"1dc96e7\" data-element_type=\"column\">\n\t\t\t<div class=\"elementor-widget-wrap elementor-element-populated\">\n\t\t\t\t\t\t<div class=\"elementor-element elementor-element-3395d20 no-mrg animated-fast elementor-invisible elementor-widget elementor-widget-heading\" data-id=\"3395d20\" data-element_type=\"widget\" data-settings=\"{&quot;_animation&quot;:&quot;fadeInRight&quot;}\" data-widget_type=\"heading.default\">\n\t\t\t\t<div class=\"elementor-widget-container\">\n\t\t\t\t\t<h3 class=\"elementor-heading-title elementor-size-default\"><span style=\"color: #2D2F54;font-size: 28px\">CUM <\/span><br>FUNC\u021aIONEAZ\u0102?<\/h3>\t\t\t\t<\/div>\n\t\t\t\t<\/div>\n\t\t\t\t<div class=\"elementor-element elementor-element-e69cff9 no-mrg elementor-invisible elementor-widget elementor-widget-text-editor\" data-id=\"e69cff9\" data-element_type=\"widget\" data-settings=\"{&quot;_animation&quot;:&quot;fadeIn&quot;}\" data-widget_type=\"text-editor.default\">\n\t\t\t\t<div class=\"elementor-widget-container\">\n\t\t\t\t\t\t\t\t\t<ul><li>\u00cen fiecare s\u0103pt\u0103m\u00e2n\u0103, oferim 10 proiecte GRATUITE pentru 10 studen\u021bi noroco\u0219i.<\/li><li>Extragerea are loc \u00een fiecare s\u00e2mb\u0103t\u0103, la ora 18:00.<\/li><li>Dac\u0103 te numeri printre c\u00e2\u0219tig\u0103tori, vei primi un apel de felicitare din partea noastr\u0103!<\/li><li>Fie c\u0103 e\u0219ti deja client sau abia acum ne descoperi, acesta este momentul perfect s\u0103-\u021bi \u00eencerci norocul.<\/li><\/ul>\t\t\t\t\t\t\t\t<\/div>\n\t\t\t\t<\/div>\n\t\t\t\t\t<\/div>\n\t\t<\/div>\n\t\t\t\t\t<\/div>\n\t\t<\/section>\n\t\t\t\t<div class=\"elementor-element elementor-element-ba6900d elementor-widget elementor-widget-spacer\" data-id=\"ba6900d\" data-element_type=\"widget\" data-widget_type=\"spacer.default\">\n\t\t\t\t<div class=\"elementor-widget-container\">\n\t\t\t\t\t\t\t<div class=\"elementor-spacer\">\n\t\t\t<div class=\"elementor-spacer-inner\"><\/div>\n\t\t<\/div>\n\t\t\t\t\t\t<\/div>\n\t\t\t\t<\/div>\n\t\t\t\t\t<\/div>\n\t\t<\/div>\n\t\t\t\t\t<\/div>\n\t\t<\/section>\n\t\t\t\t<section class=\"elementor-section elementor-top-section elementor-element elementor-element-9c70219 elementor-section-boxed elementor-section-height-default elementor-section-height-default\" data-id=\"9c70219\" data-element_type=\"section\">\n\t\t\t\t\t\t<div class=\"elementor-container elementor-column-gap-no\">\n\t\t\t\t\t<div class=\"elementor-column elementor-col-100 elementor-top-column elementor-element elementor-element-09fcdef\" data-id=\"09fcdef\" data-element_type=\"column\">\n\t\t\t<div class=\"elementor-widget-wrap elementor-element-populated\">\n\t\t\t\t\t\t<section class=\"elementor-section elementor-inner-section elementor-element elementor-element-a7f7ce6 elementor-section-full_width elementor-section-height-default elementor-section-height-default\" data-id=\"a7f7ce6\" data-element_type=\"section\">\n\t\t\t\t\t\t<div class=\"elementor-container elementor-column-gap-narrow\">\n\t\t\t\t\t<div class=\"elementor-column elementor-col-50 elementor-inner-column elementor-element elementor-element-7d5c0ba\" data-id=\"7d5c0ba\" data-element_type=\"column\">\n\t\t\t<div class=\"elementor-widget-wrap elementor-element-populated\">\n\t\t\t\t\t\t<div class=\"elementor-element elementor-element-d6eb7c1 no-mrg animated-fast elementor-invisible elementor-widget elementor-widget-heading\" data-id=\"d6eb7c1\" data-element_type=\"widget\" data-settings=\"{&quot;_animation&quot;:&quot;fadeInLeft&quot;}\" data-widget_type=\"heading.default\">\n\t\t\t\t<div class=\"elementor-widget-container\">\n\t\t\t\t\t<h3 class=\"elementor-heading-title elementor-size-default\"><span style=\"color: #2D2F54;font-size: 28px\">CUM <\/span><br>M\u0102 POT \u00ceNSCRIE? <\/h3>\t\t\t\t<\/div>\n\t\t\t\t<\/div>\n\t\t\t\t<div class=\"elementor-element elementor-element-00d8c15 no-mrg elementor-invisible elementor-widget elementor-widget-text-editor\" data-id=\"00d8c15\" data-element_type=\"widget\" data-settings=\"{&quot;_animation&quot;:&quot;fadeIn&quot;}\" data-widget_type=\"text-editor.default\">\n\t\t\t\t<div class=\"elementor-widget-container\">\n\t\t\t\t\t\t\t\t\t<p>Completeaz\u0103 formularul de mai jos cu datele tale.<\/p><p>\u00cenainte de a trimite formularul, te rug\u0103m s\u0103 cite\u0219ti Termenii \u0219i Condi\u021biile.<\/p><p>Mult succes \u0219i sper\u0103m s\u0103 te vedem pe lista c\u00e2\u0219tig\u0103torilor!<\/p>\t\t\t\t\t\t\t\t<\/div>\n\t\t\t\t<\/div>\n\t\t\t\t\t<\/div>\n\t\t<\/div>\n\t\t\t\t<div class=\"elementor-column elementor-col-50 elementor-inner-column elementor-element elementor-element-d3b1ec0\" data-id=\"d3b1ec0\" data-element_type=\"column\">\n\t\t\t<div class=\"elementor-widget-wrap elementor-element-populated\">\n\t\t\t\t\t\t<div class=\"elementor-element elementor-element-6289176 elementor-widget__width-initial elementor-widget elementor-widget-image\" data-id=\"6289176\" data-element_type=\"widget\" data-widget_type=\"image.default\">\n\t\t\t\t<div class=\"elementor-widget-container\">\n\t\t\t\t\t\t\t\t\t\t\t\t\t\t\t<img decoding=\"async\" width=\"1346\" height=\"956\" src=\"https:\/\/writers.wpdeveloper.pk\/wp-content\/uploads\/2023\/07\/contact-shape.png\" class=\"attachment-full size-full wp-image-13014\" alt=\"\" srcset=\"https:\/\/writers.wpdeveloper.pk\/wp-content\/uploads\/2023\/07\/contact-shape.png 1346w, https:\/\/writers.wpdeveloper.pk\/wp-content\/uploads\/2023\/07\/contact-shape-300x213.png 300w, https:\/\/writers.wpdeveloper.pk\/wp-content\/uploads\/2023\/07\/contact-shape-1024x727.png 1024w, https:\/\/writers.wpdeveloper.pk\/wp-content\/uploads\/2023\/07\/contact-shape-768x545.png 768w, https:\/\/writers.wpdeveloper.pk\/wp-content\/uploads\/2023\/07\/contact-shape-600x426.png 600w\" sizes=\"(max-width: 1346px) 100vw, 1346px\" \/>\t\t\t\t\t\t\t\t\t\t\t\t\t\t\t<\/div>\n\t\t\t\t<\/div>\n\t\t\t\t<div class=\"elementor-element elementor-element-f1a9145 order-now-btn pulse animated animated-fast elementor-align-center elementor-widget elementor-widget-button\" data-id=\"f1a9145\" data-element_type=\"widget\" data-widget_type=\"button.default\">\n\t\t\t\t<div class=\"elementor-widget-container\">\n\t\t\t\t\t\t\t\t\t<div class=\"elementor-button-wrapper\">\n\t\t\t\t\t<a class=\"elementor-button elementor-button-link elementor-size-md\" href=\"#recommendation-form\">\n\t\t\t\t\t\t<span class=\"elementor-button-content-wrapper\">\n\t\t\t\t\t\t\t\t\t<span class=\"elementor-button-text\">\u00censcrie\u021bi-v\u0103 acum<\/span>\n\t\t\t\t\t<\/span>\n\t\t\t\t\t<\/a>\n\t\t\t\t<\/div>\n\t\t\t\t\t\t\t\t<\/div>\n\t\t\t\t<\/div>\n\t\t\t\t\t<\/div>\n\t\t<\/div>\n\t\t\t\t\t<\/div>\n\t\t<\/section>\n\t\t\t\t\t<\/div>\n\t\t<\/div>\n\t\t\t\t\t<\/div>\n\t\t<\/section>\n\t\t\t\t<section class=\"elementor-section elementor-top-section elementor-element elementor-element-afa81ed elementor-section-content-middle register-section-wrap elementor-section-boxed elementor-section-height-default elementor-section-height-default\" data-id=\"afa81ed\" data-element_type=\"section\" data-settings=\"{&quot;background_background&quot;:&quot;gradient&quot;}\">\n\t\t\t\t\t\t\t<div class=\"elementor-background-overlay\"><\/div>\n\t\t\t\t\t\t\t<div class=\"elementor-container elementor-column-gap-no\">\n\t\t\t\t\t<div class=\"elementor-column elementor-col-100 elementor-top-column elementor-element elementor-element-5880f0f\" data-id=\"5880f0f\" data-element_type=\"column\">\n\t\t\t<div class=\"elementor-widget-wrap elementor-element-populated\">\n\t\t\t\t\t\t<div class=\"elementor-element elementor-element-04e31de paper-fold-wrap elementor-widget elementor-widget-html\" data-id=\"04e31de\" data-element_type=\"widget\" data-widget_type=\"html.default\">\n\t\t\t\t<div class=\"elementor-widget-container\">\n\t\t\t\t\t<p class=\"paper fold\"><\/p>\t\t\t\t<\/div>\n\t\t\t\t<\/div>\n\t\t\t\t<div class=\"elementor-element elementor-element-69f13a6 register-form-title elementor-widget elementor-widget-heading\" data-id=\"69f13a6\" data-element_type=\"widget\" data-widget_type=\"heading.default\">\n\t\t\t\t<div class=\"elementor-widget-container\">\n\t\t\t\t\t<h2 class=\"elementor-heading-title elementor-size-default\">Formular de participare<\/h2>\t\t\t\t<\/div>\n\t\t\t\t<\/div>\n\t\t\t\t<section class=\"elementor-section elementor-inner-section elementor-element elementor-element-3b56c0a elementor-section-boxed elementor-section-height-default elementor-section-height-default\" data-id=\"3b56c0a\" data-element_type=\"section\">\n\t\t\t\t\t\t<div class=\"elementor-container elementor-column-gap-default\">\n\t\t\t\t\t<div class=\"elementor-column elementor-col-100 elementor-inner-column elementor-element elementor-element-bf6745d\" data-id=\"bf6745d\" data-element_type=\"column\">\n\t\t\t<div class=\"elementor-widget-wrap elementor-element-populated\">\n\t\t\t\t\t\t<div class=\"elementor-element elementor-element-86e0380 fluentform-widget-submit-button-custom elementor-widget elementor-widget-fluent-form-widget\" data-id=\"86e0380\" data-element_type=\"widget\" data-widget_type=\"fluent-form-widget.default\">\n\t\t\t\t<div class=\"elementor-widget-container\">\n\t\t\t\t\t\n            <div class=\"fluentform-widget-wrapper fluentform-widget-align-default\">\n\n            \n            <div class='fluentform ff-default fluentform_wrapper_8 ffs_default_wrap'><form data-form_id=\"8\" id=\"fluentform_8\" class=\"frm-fluent-form fluent_form_8 ff-el-form-top ff_form_instance_8_1 ff-form-loading ffs_default\" data-form_instance=\"ff_form_instance_8_1\" method=\"POST\" ><fieldset  style=\"border: none!important;margin: 0!important;padding: 0!important;background-color: transparent!important;box-shadow: none!important;outline: none!important; min-inline-size: 100%;\">\n                    <legend class=\"ff_screen_reader_title\" style=\"display: block; margin: 0!important;padding: 0!important;height: 0!important;text-indent: -999999px;width: 0!important;overflow:hidden;\">Weekly Raffle (RO)<\/legend><p style=\"display: none !important;\" class=\"akismet-fields-container\" data-prefix=\"ak_\"><label>&#916;<textarea name=\"ak_hp_textarea\" cols=\"45\" rows=\"8\" maxlength=\"100\"><\/textarea><\/label><input type=\"hidden\" id=\"ak_js_1\" name=\"ak_js\" value=\"123\"\/><script>document.getElementById( \"ak_js_1\" ).setAttribute( \"value\", ( new Date() ).getTime() );<\/script><\/p><input type='hidden' name='__fluent_form_embded_post_id' value='13834' \/><input type=\"hidden\" id=\"_fluentform_8_fluentformnonce\" name=\"_fluentform_8_fluentformnonce\" value=\"3ff797bd78\" \/><input type=\"hidden\" name=\"_wp_http_referer\" value=\"\/index.php\/wp-json\/wp\/v2\/pages\/13834\" \/><div data-type=\"name-element\" data-name=\"Name\" class=\" ff-field_container ff-name-field-wrapper\" ><div class='ff-t-container'><div class='ff-t-cell '><div class='ff-el-group ff-el-form-top'><div class='ff-el-input--content'><input type=\"text\" name=\"Name[first_name]\" id=\"ff_8_Name_first_name_\" class=\"ff-el-form-control\" placeholder=\"Nume*\" aria-invalid=\"false\" aria-required=true><\/div><\/div><\/div><\/div><\/div><div class='ff-el-group'><div class='ff-el-input--content'><input type=\"email\" name=\"Email_address\" id=\"ff_8_Email_address\" class=\"ff-el-form-control\" placeholder=\"Adresa de e-mail*\" data-name=\"Email_address\"  aria-invalid=\"false\" aria-required=true><\/div><\/div><div class='ff-el-group'><div class='ff-el-input--content'><input type=\"text\" name=\"Phone_number\" class=\"ff-el-form-control\" placeholder=\"Num\u0103r de telefon*\" data-name=\"Phone_number\" id=\"ff_8_Phone_number\"  aria-invalid=\"false\" aria-required=true><\/div><\/div><div class='ff-el-group    ff-el-input--content'><div class='ff-el-form-check ff-el-tc'><label aria-label='Terms and Conditions: Termeni \u0219i condi\u021bii\n Contains 1 link. Use tab navigation to review.' class='ff-el-form-check-label ff_tc_label' for=terms-n-condition_54b057fee08a8e649c7c3e7ab1cd4457><span class='ff_tc_checkbox'><input type=\"checkbox\" name=\"terms-n-condition\" class=\"ff-el-form-check-input\" data-name=\"terms-n-condition\" id=\"terms-n-condition_54b057fee08a8e649c7c3e7ab1cd4457\"  value='on' aria-invalid='false' aria-required=true><\/span> <div class='ff_t_c'><a href=\"https:\/\/thewritershelp.com\/index.php\/ro\/termeni-si-conditii\/\">Termeni \u0219i condi\u021bii<\/a>\n<\/div><\/label><\/div><\/div><div class='ff-el-group ff-text-left ff_submit_btn_wrapper'><button type=\"submit\" class=\"ff-btn ff-btn-submit ff-btn-md ff_btn_style\" >\u00eenscriere<\/button><\/div><\/fieldset><\/form><div id='fluentform_8_errors' class='ff-errors-in-stack ff_form_instance_8_1 ff-form-loading_errors ff_form_instance_8_1_errors'><\/div><\/div>        <script type=\"text\/javascript\">\n            window.fluent_form_ff_form_instance_8_1 = {\"id\":\"8\",\"settings\":{\"layout\":{\"labelPlacement\":\"top\",\"helpMessagePlacement\":\"with_label\",\"errorMessagePlacement\":\"inline\",\"cssClassName\":\"\",\"asteriskPlacement\":\"asterisk-right\"},\"restrictions\":{\"denyEmptySubmission\":{\"enabled\":false}}},\"form_instance\":\"ff_form_instance_8_1\",\"form_id_selector\":\"fluentform_8\",\"rules\":{\"Name[first_name]\":{\"required\":{\"value\":true,\"message\":\"This field is required\",\"global_message\":\"This field is required\",\"global\":true}},\"Name[middle_name]\":{\"required\":{\"value\":false,\"message\":\"This field is required\",\"global_message\":\"This field is required\",\"global\":true}},\"Name[last_name]\":{\"required\":{\"value\":false,\"message\":\"This field is required\",\"global_message\":\"This field is required\",\"global\":true}},\"Email_address\":{\"required\":{\"value\":true,\"message\":\"This field is required\",\"global_message\":\"This field is required\",\"global\":true},\"email\":{\"value\":true,\"message\":\"This field must contain a valid email\",\"global_message\":\"This field must contain a valid email\",\"global\":true}},\"Phone_number\":{\"required\":{\"value\":true,\"message\":\"This field is required\",\"global_message\":\"This field is required\",\"global\":true}},\"terms-n-condition\":{\"required\":{\"value\":true,\"message\":\"This field is required\",\"global_message\":\"This field is required\",\"global\":true}}},\"debounce_time\":300};\n                    <\/script>\n                    <\/div>\n\n            \t\t\t\t<\/div>\n\t\t\t\t<\/div>\n\t\t\t\t\t<\/div>\n\t\t<\/div>\n\t\t\t\t\t<\/div>\n\t\t<\/section>\n\t\t\t\t\t<\/div>\n\t\t<\/div>\n\t\t\t\t\t<\/div>\n\t\t<\/section>\n\t\t\t\t<\/div>\n\t\t","protected":false},"excerpt":{"rendered":"<p>C\u00c2\u0218TIG\u0102 PROIECTE GRATUITE \u00ceN FIECARE S\u0102PT\u0102M\u00c2N\u0102 \u00censcrie\u021bi-v\u0103 acum CE ESTE TOMBOLA S\u0102PT\u0102M\u00c2NAL\u0102? Este o tombol\u0103 prin care participan\u021bii au \u0219ansa de a c\u00e2\u0219tiga o tem\u0103 gratuit\u0103. CUM FUNC\u021aIONEAZ\u0102? \u00cen fiecare s\u0103pt\u0103m\u00e2n\u0103, oferim 10 proiecte GRATUITE pentru 10 studen\u021bi noroco\u0219i. Extragerea are loc \u00een fiecare s\u00e2mb\u0103t\u0103, la ora 18:00. Dac\u0103 te numeri printre c\u00e2\u0219tig\u0103tori, vei primi [&hellip;]<\/p>\n","protected":false},"author":1,"featured_media":0,"parent":0,"menu_order":0,"comment_status":"closed","ping_status":"closed","template":"elementor_header_footer","meta":{"footnotes":""},"class_list":["post-13834","page","type-page","status-publish","hentry"],"_links":{"self":[{"href":"https:\/\/writers.wpdeveloper.pk\/index.php\/wp-json\/wp\/v2\/pages\/13834","targetHints":{"allow":["GET"]}}],"collection":[{"href":"https:\/\/writers.wpdeveloper.pk\/index.php\/wp-json\/wp\/v2\/pages"}],"about":[{"href":"https:\/\/writers.wpdeveloper.pk\/index.php\/wp-json\/wp\/v2\/types\/page"}],"author":[{"embeddable":true,"href":"https:\/\/writers.wpdeveloper.pk\/index.php\/wp-json\/wp\/v2\/users\/1"}],"replies":[{"embeddable":true,"href":"https:\/\/writers.wpdeveloper.pk\/index.php\/wp-json\/wp\/v2\/comments?post=13834"}],"version-history":[{"count":80,"href":"https:\/\/writers.wpdeveloper.pk\/index.php\/wp-json\/wp\/v2\/pages\/13834\/revisions"}],"predecessor-version":[{"id":16252,"href":"https:\/\/writers.wpdeveloper.pk\/index.php\/wp-json\/wp\/v2\/pages\/13834\/revisions\/16252"}],"wp:attachment":[{"href":"https:\/\/writers.wpdeveloper.pk\/index.php\/wp-json\/wp\/v2\/media?parent=13834"}],"curies":[{"name":"wp","href":"https:\/\/api.w.org\/{rel}","templated":true}]}}