{"id":537,"date":"2021-08-13T05:13:16","date_gmt":"2021-08-13T05:13:16","guid":{"rendered":"http:\/\/hostingwp2128530.online.pro\/autoinstalator\/wordpresswoocommerce3\/?page_id=537"},"modified":"2024-09-06T08:25:26","modified_gmt":"2024-09-06T08:25:26","slug":"termeni-si-conditii","status":"publish","type":"page","link":"https:\/\/writers.wpdeveloper.pk\/index.php\/ro\/termeni-si-conditii\/","title":{"rendered":"Termeni \u0219i condi\u021bii"},"content":{"rendered":"\t\t<div data-elementor-type=\"wp-page\" data-elementor-id=\"537\" class=\"elementor elementor-537\" data-elementor-post-type=\"page\">\n\t\t\t\t\t\t<section class=\"elementor-section elementor-top-section elementor-element elementor-element-157ae81 elementor-section-boxed elementor-section-height-default elementor-section-height-default\" data-id=\"157ae81\" data-element_type=\"section\">\n\t\t\t\t\t\t<div class=\"elementor-container elementor-column-gap-default\">\n\t\t\t\t\t<div class=\"elementor-column elementor-col-100 elementor-top-column elementor-element elementor-element-72b3ad9c\" data-id=\"72b3ad9c\" data-element_type=\"column\">\n\t\t\t<div class=\"elementor-widget-wrap elementor-element-populated\">\n\t\t\t\t\t\t<div class=\"elementor-element elementor-element-ae53871 elementor-widget elementor-widget-text-editor\" data-id=\"ae53871\" data-element_type=\"widget\" data-widget_type=\"text-editor.default\">\n\t\t\t\t<div class=\"elementor-widget-container\">\n\t\t\t\t\t\t\t\t\t<p><b>Termeni \u0219i condi\u021bii<\/b><\/p><p><span style=\"font-weight: 400;\">V\u0103 rug\u0103m s\u0103 citi\u021bi cu aten\u021bie urm\u0103torii termeni \u0219i condi\u021bii \u00eenainte de a utiliza oricare dintre serviciile noastre. Ace\u0219ti termeni \u0219i condi\u021bii sunt aplicabili tuturor utilizatorilor serviciilor noastre, precum \u0219i vizitatorilor de pe site-ul nostru web. \u00cen ace\u0219ti termeni, \u201enoi\u201d \u0219i <\/span><a href=\"http:\/\/www.thewritersengland.co.uk\"><span style=\"font-weight: 400;\">www.thewritersengland.co.uk<\/span><\/a><span style=\"font-weight: 400;\">, <\/span><a href=\"https:\/\/writers.myserverpk.plus\"><span style=\"font-weight: 400;\">www.thewritershelp.com<\/span><\/a><span style=\"font-weight: 400;\"> \u0219i \u2018\u2019dumneavoastra\u201d se refer\u0103 la p\u0103rin\u021bi, tutori sau elevi \u0219i orice persoan\u0103 care utilizeaz\u0103 serviciile sau site-ul nostru web.<\/span><\/p><p><b>Produse \u0219i servicii<\/b><\/p><p><span style=\"font-weight: 400;\">The Writers Help ofer\u0103 servicii precum cercetare, editare \u0219i scriere care \u00eendeplinesc cerin\u021bele at\u00e2t ale institu\u021biilor de \u00eenv\u0103\u021b\u0103m\u00e2nt, c\u00e2t \u0219i ale standardelor academice.<\/span><\/p><p><span style=\"font-weight: 400;\">Ne rezerv\u0103m dreptul de a modifica ace\u0219ti termeni, dup\u0103 cum este necesar, \u00een orice moment. Se vor face eforturi rezonabile pentru a informa clien\u021bii no\u0219tri cu privire la astfel de modific\u0103ri, dup\u0103 care orice utilizare continu\u0103 a serviciilor noastre va constitui acceptarea acestor modific\u0103ri.<\/span><\/p><p><span style=\"font-weight: 400;\">Prin accesarea serviciilor noastre \u0219i trimiterea oric\u0103rei cereri, se va considera c\u0103 a\u021bi acceptat ace\u0219ti termeni \u00een \u00eentregime. Accept\u00e2nd ace\u0219ti Termeni, se \u00een\u021belege c\u0103 <\/span><a href=\"https:\/\/writers.myserverpk.plus\"><span style=\"font-weight: 400;\">www.thewritershelp.com<\/span><\/a><span style=\"font-weight: 400;\"> nu poate oferi nici o garan\u021bie cu privire la rezultatul unei cercet\u0103ri \u00een ceea ce prive\u0219te notele sau certificarea de la orice institu\u021bie de \u00eenv\u0103\u021b\u0103m\u00e2nt.<\/span><\/p><p><span style=\"font-weight: 400;\">Avem autoritatea de a accepta sau respinge comanda dumneavoastra pe baza motivelor pe care le consider\u0103m corecte.<\/span><\/p><p><span style=\"font-weight: 400;\">Serviciile noastre de redactare a sarcinilor sunt responsabile pentru a oferi clien\u021bilor no\u0219tri 100% confiden\u021bialitate \u0219i nu afi\u0219\u0103m sau transmitem niciodat\u0103 informa\u021biile personale ale clien\u021bilor no\u0219tri c\u0103tre o ter\u021b\u0103 persoan\u0103, p\u00e2n\u0103 c\u00e2nd legile obligatorii nu ne impun acest lucru sau sunt necesare pentru finalizarea unei comenzi \/ acorduri \/ contracte, conform la Politica de confiden\u021bialitate.<\/span><\/p><p><span style=\"font-weight: 400;\">\u00cenregistr\u00e2ndu-v\u0103 sau utiliz\u00e2nd serviciile noastre, afirma\u021bi c\u0103 ve\u021bi utiliza informa\u021biile furnizate de noi numai \u00een scop de studiu \u0219i c\u0103 nu ve\u021bi trimite aceste informa\u021bii ca lucr\u0103ri originale ale studen\u021bilor pentru credit sau not\u0103 de curs.<\/span><\/p><p><span style=\"font-weight: 400;\">Cuvintele \u2018\u2019assignments\u2019, \u201cprojects\u201d \u0219i \u2018lucr\u0103ri\u2019 prezente la noi pe website \u00een diferite contexte, sunt folosite strict in scop de marketing. The Writers Help (<\/span><a href=\"https:\/\/writers.myserverpk.plus\"><span style=\"font-weight: 400;\">www.thewritershelp.com<\/span><\/a><span style=\"font-weight: 400;\">) oferta doar drafturi, corect\u0103ri \u0219i rezumate.<\/span><\/p><p><span style=\"font-weight: 400;\">Atunci c\u00e2nd clien\u021bii \u00ee\u0219i primesc comanda, ace\u0219tia primesc \u0219i dreptul de a face ce vor cu lucrarea respectiv\u0103.<\/span><\/p><p><b>Termeni de Anulare<\/b><\/p><p><a href=\"https:\/\/writers.myserverpk.plus\"><span style=\"font-weight: 400;\">www.thewritershelp.com<\/span><\/a><span style=\"font-weight: 400;\"> ofer\u0103 clien\u021bilor s\u0103i posibilitatea de anulare a comenzii.<\/span><\/p><p><span style=\"font-weight: 400;\">Solicit\u0103rile de anulare pot fi acceptate numai dac\u0103 sunt depuse \u00eenainte de faza de procesare, \u00een termen de 24 de ore de la plasarea comenzii.<\/span><\/p><p><span style=\"font-weight: 400;\">Solicit\u0103rile primite dup\u0103 faza de procesare nu sunt valabile, iar costurile de procesare sunt nerambursabile.<\/span><\/p><p><b>Livrare<\/b><\/p><p><span style=\"font-weight: 400;\">Livr\u0103m fiecare comand\u0103 prin e-mail, astfel \u00eenc\u00e2t clientul trebuie s\u0103 ne ofere un ID de e-mail corect pentru a evita orice inconvenient. Este obligatoriu s\u0103 ne furniza\u021bi informa\u021bii autentice relevante, astfel \u00eenc\u00e2t produsul s\u0103 poat\u0103 fi livrat la timp, f\u0103r\u0103 nicio perturbare. Nu vom fi r\u0103spunz\u0103tori pentru problemele de livrare din cauza unor factori precum adrese de e-mail false, filtre de spam, lipsa disponibilit\u0103\u021bii internetului sau a oric\u0103rui tip de neglijen\u021b\u0103 \u0219i nu se vor face ramburs\u0103ri \u00een astfel de situa\u021bii.<\/span><\/p><p><span style=\"font-weight: 400;\">Ne asigur\u0103m c\u0103 cesiunile comandate de clien\u021bii no\u0219tri sunt livrate \u00een termenele informate. Recomand\u0103m clien\u021bilor no\u0219tri s\u0103 treac\u0103 prin lucr\u0103rile furnizate \u0219i, dac\u0103 exist\u0103 discrepan\u021be, contacta\u021bi-ne pentru revizuire \u00een termen de 6 (sase) luni de la plasarea comenzii.<\/span><\/p><p><span style=\"font-weight: 400;\">Odat\u0103 ce comanda este plasat\u0103 \u0219i livrat\u0103, nicio r\u0103spundere viitoare nu este de\u021binut\u0103 de <\/span><a href=\"https:\/\/writers.myserverpk.plus\"><span style=\"font-weight: 400;\">www.thewritershelp.com<\/span><\/a><span style=\"font-weight: 400;\">.<\/span><\/p><p><b>Politica de rambursare<\/b><\/p><p><span style=\"font-weight: 400;\">\u00cenainte de a face cererea de rambursare, clientul trebuie s\u0103 permit\u0103 personalului nostru s\u0103 revizuiasc\u0103 comanda, pentru a se asigura c\u0103 sunt \u00eendeplinite cerin\u021bele. Motivele nemul\u021bumirii sunt considerate rezonabile. Ne rezerv\u0103m dreptul de a determina ce constituie<\/span><\/p><p><b>Tombola s\u0103pt\u0103m\u00e2nal\u0103<\/b><\/p><p><span style=\"font-weight: 400;\">Este concursul nostru s\u0103pt\u0103m\u00e2nal prin care oferim \u0219ansa utilizatorilor website-ului <\/span><a href=\"https:\/\/writers.myserverpk.plus\"><span style=\"font-weight: 400;\">www.thewritershelp.com<\/span><\/a><span style=\"font-weight: 400;\"> de a c\u00e2\u0219tiga o lucrare gratuit\u0103. (un draft).<\/span><\/p><p><span style=\"font-weight: 400;\">La acest concurs se poate \u00eenregistra orice utilizator prezent pe website-ul <\/span><a href=\"https:\/\/writers.myserverpk.plus\"><span style=\"font-weight: 400;\">www.thewritershelp.com<\/span><\/a><span style=\"font-weight: 400;\">\u00a0<\/span><\/p><p><b>Procesul de \u00eenregistrare \u00een concurs este urm\u0103torul:<\/b><\/p><p><span style=\"font-weight: 400;\">Trebuie completat formularul care se va afi\u0219a automat \u00een momentul \u00een care se acceseaz\u0103 website-ul <\/span><a href=\"https:\/\/writers.myserverpk.plus\"><span style=\"font-weight: 400;\">www.thewritershelp.com<\/span><\/a><span style=\"font-weight: 400;\">:\u00a0<\/span><\/p><ul><li style=\"font-weight: 400;\" aria-level=\"1\"><span style=\"font-weight: 400;\">\u00cenregistrarea se face o singur\u0103 dat\u0103 \u0219i este valabil\u0103 pe toat\u0103 durata tombolei.<\/span><\/li><li style=\"font-weight: 400;\" aria-level=\"1\"><span style=\"font-weight: 400;\">\u00cen fiecare s\u00e2mb\u0103t\u0103 sear\u0103 la ora 18:00 se va extrage un nou c\u00e2\u0219tig\u0103tor care va primi o lucrare gratuit\u0103.<\/span><\/li><li style=\"font-weight: 400;\" aria-level=\"1\"><span style=\"font-weight: 400;\">C\u00e2\u0219tig\u0103torul va fi contactat telefonic de c\u0103tre unul dintre operatorii no\u0219tri<\/span><\/li><\/ul><div>\u00a0<\/div><p><strong>Ce trebuie s\u0103 \u0219tiu:<\/strong><\/p><p>Lucrarea gratuita pe care\u00a0<a href=\"https:\/\/writers.myserverpk.plus\/\">www.thewritershelp.com<\/a>\u00a0o ofera \u00een urma tombolei s\u0103pt\u0103m\u00e2nale, este in valoare de \u00a3120 (o sut\u0103 douazeci de lire sterline), iar limita maxim\u0103 a draft-ului este de 3000 de cuvinte.<\/p><p>Premiul se poate revendica o singur\u0103 dat\u0103 de c\u0103tre castigator, cu voucherul\/cartona\u0219ul pe care \u00eel va primi de la echipa noastr\u0103.<\/p><p>Castigatorul are la dispozi\u021bie 90 de zile (3 luni) pentru a-\u0219i revendica premiul, \u00een caz contrar cardul c\u00e2\u0219tig\u0103tor se va anula.<br \/>In cazul in care castigatorul nu nu se prezinta pentru revendicarea primiului, se anuleaza.<\/p><p><strong>Termenii si Conditiile pentru oferta \u2018\u2019recomanda un prieten\u2019\u2019.<\/strong><\/p><ul><li>Lucrarea gratuita se ofera numai in cazul in care studentul\/colegul recomandat finalizeaza o comanda cu noi.<\/li><li>Dupa ce comanda este finalizata, studentul care a facut recomandarea va avea posibilitatea sa isi ridice lucrarea gratuita dupa 24 de ore. (ziua urmatoare).<\/li><li>Un student\/coleg se recomanda o singura data de catre o singura persoana.<\/li><li>Nu se aplica oferta in cazul in care studentul\/prietenul recomandat este deja clientul nostru.<\/li><\/ul><p>\u00a0<\/p><p>Lucrarea gratuita pe care\u00a0<a href=\"https:\/\/writers.myserverpk.plus\/\">www.thewritershelp.com<\/a>\u00a0o ofera \u00een urma recomandarii facute, este in valoare de \u00a3120 (o sut\u0103 douazeci de lire sterline), iar limita maxim\u0103 a draft-ului este de 3000 de cuvinte.<\/p><p>\u00a0<\/p><p><strong>Termeni si conditii pentru procesul de recomandare agen\u021bi si afiliati.<\/strong><\/p><p>The Writers Help (<a href=\"https:\/\/writers.myserverpk.plus\">www.thewritershelp.com<\/a>) \u00ee\u0219i rezerva dreptul de a alege colaboratorii.<\/p><p>Fiecare colaborator, fie agent sau afiliat, trebuie s\u0103 respecte termenii \u0219i condi\u021biile furnizate de c\u0103tre echipa The Writers, \u00een conturile respective.<\/p><p>Pentru a avea o colaborare de success, fiecare agent si afiliat trebuie s\u0103 respecte at\u00e2t termenii \u0219i condi\u021biile generale, c\u00e2t \u0219i termenii \u0219i condi\u021biile conturilor respective, \u00eempreun\u0103 cu modurile de lucru reg\u0103site \u00een aceste conturi.<\/p><p><b>Utilizare potrivita<\/b><\/p><p><span style=\"font-weight: 400;\">Calitatea muncii academice a clien\u021bilor r\u0103m\u00e2ne responsabilitatea lor, iar rolul cercet\u0103rii \/ documentelor furnizate nu va fi niciodat\u0103 mai mult dec\u00e2t consultativ. Odat\u0103 ce clien\u021bii no\u0219tri \u00ee\u0219i plaseaz\u0103 comanda, se activeaz\u0103 acordul formal cu Termenii \u0219i condi\u021biile noastre.<\/span><\/p>\t\t\t\t\t\t\t\t<\/div>\n\t\t\t\t<\/div>\n\t\t\t\t\t<\/div>\n\t\t<\/div>\n\t\t\t\t\t<\/div>\n\t\t<\/section>\n\t\t\t\t<\/div>\n\t\t","protected":false},"excerpt":{"rendered":"<p>Termeni \u0219i condi\u021bii V\u0103 rug\u0103m s\u0103 citi\u021bi cu aten\u021bie urm\u0103torii termeni \u0219i condi\u021bii \u00eenainte de a utiliza oricare dintre serviciile noastre. Ace\u0219ti termeni \u0219i condi\u021bii sunt aplicabili tuturor utilizatorilor serviciilor noastre, precum \u0219i vizitatorilor de pe site-ul nostru web. \u00cen ace\u0219ti termeni, \u201enoi\u201d \u0219i www.thewritersengland.co.uk, www.thewritershelp.com \u0219i \u2018\u2019dumneavoastra\u201d se refer\u0103 la p\u0103rin\u021bi, tutori sau elevi [&hellip;]<\/p>\n","protected":false},"author":1,"featured_media":0,"parent":0,"menu_order":0,"comment_status":"closed","ping_status":"closed","template":"elementor_header_footer","meta":{"footnotes":""},"class_list":["post-537","page","type-page","status-publish","hentry"],"_links":{"self":[{"href":"https:\/\/writers.wpdeveloper.pk\/index.php\/wp-json\/wp\/v2\/pages\/537","targetHints":{"allow":["GET"]}}],"collection":[{"href":"https:\/\/writers.wpdeveloper.pk\/index.php\/wp-json\/wp\/v2\/pages"}],"about":[{"href":"https:\/\/writers.wpdeveloper.pk\/index.php\/wp-json\/wp\/v2\/types\/page"}],"author":[{"embeddable":true,"href":"https:\/\/writers.wpdeveloper.pk\/index.php\/wp-json\/wp\/v2\/users\/1"}],"replies":[{"embeddable":true,"href":"https:\/\/writers.wpdeveloper.pk\/index.php\/wp-json\/wp\/v2\/comments?post=537"}],"version-history":[{"count":5,"href":"https:\/\/writers.wpdeveloper.pk\/index.php\/wp-json\/wp\/v2\/pages\/537\/revisions"}],"predecessor-version":[{"id":15685,"href":"https:\/\/writers.wpdeveloper.pk\/index.php\/wp-json\/wp\/v2\/pages\/537\/revisions\/15685"}],"wp:attachment":[{"href":"https:\/\/writers.wpdeveloper.pk\/index.php\/wp-json\/wp\/v2\/media?parent=537"}],"curies":[{"name":"wp","href":"https:\/\/api.w.org\/{rel}","templated":true}]}}